{"id":135,"date":"2024-02-23T20:20:11","date_gmt":"2024-02-23T20:20:11","guid":{"rendered":"https:\/\/gnsite.com.br\/giovaninegocios-microsite\/?page_id=135"},"modified":"2026-02-02T04:34:25","modified_gmt":"2026-02-02T04:34:25","slug":"giovaninegocios-microsite","status":"publish","type":"page","link":"https:\/\/gnsite.com.br\/giovaninegocios-microsite\/","title":{"rendered":"Giovani Neg\u00f3cios Microsite"},"content":{"rendered":"<div class=\"wp-block-image\">\n<figure class=\"aligncenter size-full is-resized\"><img loading=\"lazy\" decoding=\"async\" width=\"601\" height=\"601\" src=\"https:\/\/gnsite.com.br\/giovaninegocios-microsite\/wp-content\/uploads\/2024\/10\/me-2-edited.jpg\" alt=\"\" class=\"wp-image-324\" style=\"width:326px;height:auto\" srcset=\"https:\/\/gnsite.com.br\/giovaninegocios-microsite\/wp-content\/uploads\/2024\/10\/me-2-edited.jpg 601w, https:\/\/gnsite.com.br\/giovaninegocios-microsite\/wp-content\/uploads\/2024\/10\/me-2-edited-300x300.jpg 300w, https:\/\/gnsite.com.br\/giovaninegocios-microsite\/wp-content\/uploads\/2024\/10\/me-2-edited-150x150.jpg 150w\" sizes=\"auto, (max-width: 601px) 100vw, 601px\" \/><\/figure>\n<\/div>\n\n\n<h3 class=\"wp-block-heading has-text-align-left\">Todas as Imagens a seguir s\u00e3o Links, \u00e9 s\u00f3 clicar e ser\u00e1 direcionado de forma pr\u00e1tica e segura!<\/h3>\n\n\n\n<hr class=\"wp-block-separator has-alpha-channel-opacity\"\/>\n\n\n\n<h2 class=\"wp-block-heading\">COMUNIDADE NO WHATSAPP <\/h2>\n\n\n\n<figure class=\"wp-block-image size-large\"><a href=\"https:\/\/chat.whatsapp.com\/GARKLnzFrFg71gXOn09UJj\"><img loading=\"lazy\" decoding=\"async\" width=\"1024\" height=\"1024\" src=\"https:\/\/gnsite.com.br\/giovaninegocios-microsite\/wp-content\/uploads\/2025\/10\/Comunicados-WhatsApp_20251017_211000_0000-1024x1024.png\" alt=\"\" class=\"wp-image-449\" srcset=\"https:\/\/gnsite.com.br\/giovaninegocios-microsite\/wp-content\/uploads\/2025\/10\/Comunicados-WhatsApp_20251017_211000_0000-1024x1024.png 1024w, https:\/\/gnsite.com.br\/giovaninegocios-microsite\/wp-content\/uploads\/2025\/10\/Comunicados-WhatsApp_20251017_211000_0000-300x300.png 300w, https:\/\/gnsite.com.br\/giovaninegocios-microsite\/wp-content\/uploads\/2025\/10\/Comunicados-WhatsApp_20251017_211000_0000-150x150.png 150w, https:\/\/gnsite.com.br\/giovaninegocios-microsite\/wp-content\/uploads\/2025\/10\/Comunicados-WhatsApp_20251017_211000_0000-768x768.png 768w, https:\/\/gnsite.com.br\/giovaninegocios-microsite\/wp-content\/uploads\/2025\/10\/Comunicados-WhatsApp_20251017_211000_0000.png 1080w\" sizes=\"auto, (max-width: 1024px) 100vw, 1024px\" \/><\/a><\/figure>\n\n\n\n<p><strong>Receba TODOS OS DIAS mensagens de Inspira\u00e7\u00e3o no Whatsapp. Pode ficar tranquilo que n\u00e3o \u00e9 grupo, n\u00e3o tem chat de conversa e ningu\u00e9m pode ver o seu n\u00famero. <\/strong><\/p>\n\n\n\n<p><em>Receba novidades de produtos e servi\u00e7os que eu vendo, mas fica tranquilo que as mensagens s\u00e3o planejadas e dosadas pra n\u00e3o sobrecarregar seu celular .<\/em><\/p>\n\n\n\n<hr class=\"wp-block-separator has-alpha-channel-opacity\"\/>\n\n\n\n<h2 class=\"wp-block-heading\">REINO E PROP\u00d3SITO<\/h2>\n\n\n\n<p>Canal no YouTube de Empreendedorismo e Evangelismo com mensagens Inspiradoras e Li\u00e7\u00f5es pr\u00e1ticas de Sucesso.<\/p>\n\n\n<div class=\"wp-block-image\">\n<figure class=\"aligncenter size-full is-resized\"><a href=\"https:\/\/youtube.com\/@giovanijesus-reinoeproposito?si=N4RZMHzF7Fvyxnyt\"><img loading=\"lazy\" decoding=\"async\" width=\"1024\" height=\"1024\" src=\"https:\/\/gnsite.com.br\/giovaninegocios-microsite\/wp-content\/uploads\/2025\/10\/file_0000000000b861f8b1a5b95bd9ebf050.png\" alt=\"\" class=\"wp-image-420\" style=\"width:380px;height:auto\" srcset=\"https:\/\/gnsite.com.br\/giovaninegocios-microsite\/wp-content\/uploads\/2025\/10\/file_0000000000b861f8b1a5b95bd9ebf050.png 1024w, https:\/\/gnsite.com.br\/giovaninegocios-microsite\/wp-content\/uploads\/2025\/10\/file_0000000000b861f8b1a5b95bd9ebf050-300x300.png 300w, https:\/\/gnsite.com.br\/giovaninegocios-microsite\/wp-content\/uploads\/2025\/10\/file_0000000000b861f8b1a5b95bd9ebf050-150x150.png 150w, https:\/\/gnsite.com.br\/giovaninegocios-microsite\/wp-content\/uploads\/2025\/10\/file_0000000000b861f8b1a5b95bd9ebf050-768x768.png 768w\" sizes=\"auto, (max-width: 1024px) 100vw, 1024px\" \/><\/a><\/figure>\n<\/div>\n\n\n<hr class=\"wp-block-separator has-alpha-channel-opacity\"\/>\n\n\n\n<h2 class=\"wp-block-heading has-text-align-left\">GIOKAEL 21<\/h2>\n\n\n\n<p>M\u00fasica \ud83c\udfb8 Games \ud83c\udfae Desenho \ud83c\udfa8 Cultura Nerd \ud83e\udd13 Meu lado criativo em a\u00e7\u00e3o!<\/p>\n\n\n\n<figure class=\"wp-block-image size-full\"><a href=\"https:\/\/youtube.com\/@giokael21-giovanijesus?si=HbRym4nS8Noha8aG\" target=\"_blank\" rel=\" noreferrer noopener\"><img loading=\"lazy\" decoding=\"async\" width=\"640\" height=\"640\" src=\"https:\/\/gnsite.com.br\/giovaninegocios-microsite\/wp-content\/uploads\/2026\/01\/me-2.jpg\" alt=\"\" class=\"wp-image-476\" srcset=\"https:\/\/gnsite.com.br\/giovaninegocios-microsite\/wp-content\/uploads\/2026\/01\/me-2.jpg 640w, https:\/\/gnsite.com.br\/giovaninegocios-microsite\/wp-content\/uploads\/2026\/01\/me-2-300x300.jpg 300w, https:\/\/gnsite.com.br\/giovaninegocios-microsite\/wp-content\/uploads\/2026\/01\/me-2-150x150.jpg 150w\" sizes=\"auto, (max-width: 640px) 100vw, 640px\" \/><\/a><\/figure>\n\n\n\n<hr class=\"wp-block-separator has-alpha-channel-opacity\"\/>\n\n\n\n<h2 class=\"wp-block-heading\">SOLU\u00c7\u00d5ES EM MARKETING E NEG\u00d3CIOS<\/h2>\n\n\n\n<p><em><strong>Marketing e Neg\u00f3cios<\/strong><\/em><\/p>\n\n\n\n<ul class=\"wp-block-list\">\n<li>Cria\u00e7\u00e3o de sites e Blogs<\/li>\n\n\n\n<li>Cria\u00e7\u00e3o e Gest\u00e3o de Redes Sociais<\/li>\n\n\n\n<li>Cria\u00e7\u00e3o de MEI<\/li>\n\n\n\n<li>Planejamento Estrat\u00e9gico<\/li>\n\n\n\n<li>Treinamentos<\/li>\n<\/ul>\n\n\n\n<p><em><strong>Material Gr\u00e1fico e Designer <\/strong><\/em><\/p>\n\n\n\n<ul class=\"wp-block-list\">\n<li>Cart\u00e3o de Visita<\/li>\n\n\n\n<li>Folhetos<\/li>\n\n\n\n<li>Banner<\/li>\n\n\n\n<li>Logotipo<\/li>\n\n\n\n<li>E outros Materiais- Chame no whatsapp <\/li>\n<\/ul>\n\n\n<div class=\"wp-block-image\">\n<figure class=\"aligncenter size-full is-resized\"><a href=\"https:\/\/www.instagram.com\/giovaninegocios?igsh=MXJ0dXBqM2FmdWZ5eg=https:\/\/www.instagram.com\/rizocompras?igsh=dWJvNGJrNXV2cTV0=\" target=\"_blank\" rel=\" noreferrer noopener\"><img loading=\"lazy\" decoding=\"async\" width=\"1024\" height=\"1024\" src=\"https:\/\/gnsite.com.br\/giovaninegocios-microsite\/wp-content\/uploads\/2025\/10\/file_000000004d1861f883566e09d8b005d3.png\" alt=\"\" class=\"wp-image-421\" style=\"width:389px;height:auto\" srcset=\"https:\/\/gnsite.com.br\/giovaninegocios-microsite\/wp-content\/uploads\/2025\/10\/file_000000004d1861f883566e09d8b005d3.png 1024w, https:\/\/gnsite.com.br\/giovaninegocios-microsite\/wp-content\/uploads\/2025\/10\/file_000000004d1861f883566e09d8b005d3-300x300.png 300w, https:\/\/gnsite.com.br\/giovaninegocios-microsite\/wp-content\/uploads\/2025\/10\/file_000000004d1861f883566e09d8b005d3-150x150.png 150w, https:\/\/gnsite.com.br\/giovaninegocios-microsite\/wp-content\/uploads\/2025\/10\/file_000000004d1861f883566e09d8b005d3-768x768.png 768w\" sizes=\"auto, (max-width: 1024px) 100vw, 1024px\" \/><\/a><\/figure>\n<\/div>\n\n\n<p><strong>PE\u00c7A UM OR\u00c7AMENTO J\u00c1<\/strong><\/p>\n\n\n\n<hr class=\"wp-block-separator has-alpha-channel-opacity\"\/>\n\n\n\n<h2 class=\"wp-block-heading has-text-align-left\">RIZO COMPRAS<\/h2>\n\n\n\n<p>Perfumes Importados, Inspirados nos perfumes das Maiores Grifes do Mundo!<\/p>\n\n\n\n<p>kits pra presente e Cestas de Caf\u00e9 da manh\u00e3.<\/p>\n\n\n\n<figure class=\"wp-block-image alignfull size-full\"><a href=\"https:\/\/www.instagram.com\/rizocompras?igsh=dWJvNGJrNXV2cTV0\" target=\"_blank\" rel=\"noreferrer noopener\"><img loading=\"lazy\" decoding=\"async\" width=\"1024\" height=\"1024\" src=\"https:\/\/gnsite.com.br\/giovaninegocios-microsite\/wp-content\/uploads\/2025\/10\/file_0000000084dc61fb9d0fae64a4a7de1c.png\" alt=\"\" class=\"wp-image-453\" srcset=\"https:\/\/gnsite.com.br\/giovaninegocios-microsite\/wp-content\/uploads\/2025\/10\/file_0000000084dc61fb9d0fae64a4a7de1c.png 1024w, https:\/\/gnsite.com.br\/giovaninegocios-microsite\/wp-content\/uploads\/2025\/10\/file_0000000084dc61fb9d0fae64a4a7de1c-300x300.png 300w, https:\/\/gnsite.com.br\/giovaninegocios-microsite\/wp-content\/uploads\/2025\/10\/file_0000000084dc61fb9d0fae64a4a7de1c-150x150.png 150w, https:\/\/gnsite.com.br\/giovaninegocios-microsite\/wp-content\/uploads\/2025\/10\/file_0000000084dc61fb9d0fae64a4a7de1c-768x768.png 768w\" sizes=\"auto, (max-width: 1024px) 100vw, 1024px\" \/><\/a><\/figure>\n\n\n\n<hr class=\"wp-block-separator has-alpha-channel-opacity\"\/>\n\n\n\n<p><em>S\u00f3 lembrando que n\u00e3o atendo liga\u00e7\u00f5es, mas respondo mensagens assim que poss\u00edvel!<\/em><\/p>\n\n\n<div class=\"wp-block-image\">\n<figure class=\"aligncenter is-resized\"><a href=\"https:\/\/wa.me\/5511992560347?text=Oi%20tudo%20bem?%20Gostaria%20de%20saber%20mais%20sobre%20os%20Produtos%20e%20Servi%C3%A7os%20Giovani%20Neg%C3%B3cios\" target=\"_blank\" rel=\"noreferrer noopener\"><img loading=\"lazy\" decoding=\"async\" width=\"500\" height=\"500\" src=\"https:\/\/gnsite.com.br\/giovaninegocios-microsite\/wp-content\/uploads\/2024\/02\/20220707_234311_0000.png\" alt=\"\" class=\"wp-image-80\" style=\"width:364px;height:auto\" srcset=\"https:\/\/gnsite.com.br\/giovaninegocios-microsite\/wp-content\/uploads\/2024\/02\/20220707_234311_0000.png 500w, https:\/\/gnsite.com.br\/giovaninegocios-microsite\/wp-content\/uploads\/2024\/02\/20220707_234311_0000-300x300.png 300w, https:\/\/gnsite.com.br\/giovaninegocios-microsite\/wp-content\/uploads\/2024\/02\/20220707_234311_0000-150x150.png 150w\" sizes=\"auto, (max-width: 500px) 100vw, 500px\" \/><\/a><\/figure>\n<\/div>\n\n\n<p><\/p>\n","protected":false},"excerpt":{"rendered":"<p>Todas as Imagens a seguir s\u00e3o Links, \u00e9 s\u00f3 clicar e ser\u00e1 direcionado de forma pr\u00e1tica e segura! COMUNIDADE NO WHATSAPP Receba TODOS OS DIAS mensagens de Inspira\u00e7\u00e3o no Whatsapp. Pode ficar tranquilo que n\u00e3o \u00e9 grupo, n\u00e3o tem chat de conversa e ningu\u00e9m pode ver o seu n\u00famero. Receba novidades de produtos e servi\u00e7os [&hellip;]<\/p>\n","protected":false},"author":1,"featured_media":0,"parent":0,"menu_order":0,"comment_status":"closed","ping_status":"closed","template":"","meta":{"footnotes":""},"class_list":["post-135","page","type-page","status-publish","hentry"],"_links":{"self":[{"href":"https:\/\/gnsite.com.br\/giovaninegocios-microsite\/wp-json\/wp\/v2\/pages\/135","targetHints":{"allow":["GET"]}}],"collection":[{"href":"https:\/\/gnsite.com.br\/giovaninegocios-microsite\/wp-json\/wp\/v2\/pages"}],"about":[{"href":"https:\/\/gnsite.com.br\/giovaninegocios-microsite\/wp-json\/wp\/v2\/types\/page"}],"author":[{"embeddable":true,"href":"https:\/\/gnsite.com.br\/giovaninegocios-microsite\/wp-json\/wp\/v2\/users\/1"}],"replies":[{"embeddable":true,"href":"https:\/\/gnsite.com.br\/giovaninegocios-microsite\/wp-json\/wp\/v2\/comments?post=135"}],"version-history":[{"count":187,"href":"https:\/\/gnsite.com.br\/giovaninegocios-microsite\/wp-json\/wp\/v2\/pages\/135\/revisions"}],"predecessor-version":[{"id":486,"href":"https:\/\/gnsite.com.br\/giovaninegocios-microsite\/wp-json\/wp\/v2\/pages\/135\/revisions\/486"}],"wp:attachment":[{"href":"https:\/\/gnsite.com.br\/giovaninegocios-microsite\/wp-json\/wp\/v2\/media?parent=135"}],"curies":[{"name":"wp","href":"https:\/\/api.w.org\/{rel}","templated":true}]}}